h**3 - 12*h**2 + 16*h - 3. Suppose 3*d - 7 = -1. Suppose -u = 2*u - z - 37, d*z + 30 = 2*u. What is the tens digit of b(u)?
5
Suppose k = 4*a + 42 - 16, 4*a = -4*k + 104. Let z be (-39)/k - (-22)/4. Suppose -57 = -z*w + 223. What is the tens digit of w?
7
Let z(n) = -5*n + 4. Let u(v) = -15*v + 12. Let r(o) = 3*u(o) - 8*z(o). What is the units digit of r(-7)?
9
Let s be (-100)/6 + (-4)/(-6). Let b = 356 - 321. Let w = b + s. What is the units digit of w?
9
Suppose -33 + 51 = y. Suppose -h = -0*h - y. What is the units digit of h?
8
Suppose 3 - 18 = -3*f. Suppose -f*a - 2*y - 2*y + 474 = 0, 0 = 2*y + 8. What is the units digit of a?
8
Let m(p) = 9*p**3 - 3*p**2 + 7*p - 5. What is the units digit of m(2)?
9
Suppose 6*r - 28 - 578 = 0. Let a = -15 + r. What is the tens digit of a?
8
Let d(q) = -120*q - 23. What is the units digit of d(-5)?
7
Suppose -r - 40 = -5*h + 2*r, h - 4*r = 25. Suppose 83 + 132 = h*f. Let w = 89 - f. What is the units digit of w?
6
Let a = 57 + -51. Suppose -3*i - 330 = -a*i. What is the units digit of i?
0
Suppose -4*p + 2351 = -545. What is the hundreds digit of p?
7
Let l(v) = -v**2 + 39*v - 176. What is the tens digit of l(30)?
9
Suppose 448 = 4*i - 4*h, -19*i - 4*h + 456 = -15*i. What is the units digit of i?
3
Let c be 40 - -1 - (-2)/(-1). Suppose 0 = -2*u - u + c. What is the tens digit of u?
1
Let i be (20013/28 - -4) + (-2)/(-8). Suppose -40 - i = -3*s. What is the tens digit of s?
5
Suppose 0 = -5*l, -4215 = -3*h + 3*l - 2*l. What is the tens digit of h?
0
Let z be 102 - (-4)/(1 + 1). Suppose 5*x = r - 245, -2*r - 4*x + 622 - z = 0. What is the tens digit of r?
5
Suppose -2*n = -5*n + 12. Let w be (-33)/(-3)*1 - n. Suppose 102 = 2*x + 2*o, -x + 28 + w = -3*o. What is the tens digit of x?
4
Suppose 1844*h = 1834*h + 26810. What is the hundreds digit of h?
6
Let s = 24 + -21. What is the tens digit of (-2)/6 + 181/s?
6
Let t be -5 + 3 + 1 - -1. Let l(r) = r**2 + 2*r + 96. What is the units digit of l(t)?
6
Suppose -3*t = -22 - 32. Let y = t + -21. Let r(a) = -16*a. What is the units digit of r(y)?
8
What is the units digit of 7930/6 - (6 + (-32)/6)?
1
Let l(y) = 2*y**2 + 9*y + 1. Suppose 0*m - n + 9 = 2*m, -n = -3. Let j be m/2*126/(-27). What is the tens digit of l(j)?
3
Let n = -12 + 14. Let j be (9/(-27))/(n/(-246)). Suppose 5*y - j = -1. What is the units digit of y?
8
Let z = -750 + 1373. What is the units digit of z?
3
Suppose 5*p - 14 = -9. What is the tens digit of (71 - -3) + (1 - p)?
7
Let x be (-3)/(-2)*(-4)/3. Let s(h) = -13*h**2 - 4*h - 5. Let r be s(-2). What is the units digit of 4/8 + r/x?
5
Let x be (-3)/((-12)/40)*-1. Let l = 9 + x. What is the units digit of l/3 + (-770)/(-15)?
1
Suppose 2*v - c - 5 = -17, 3*v + 3*c = 0. Let p be 3/2*(-8)/(-6). Let j = p - v. What is the units digit of j?
6
What is the units digit of (4 + -4 + -1)/((-1)/265)?
5
Let j be 42/9 - 16/(-12). Let n(t) = -13 - 7 + 6 + 3*t. What is the units digit of n(j)?
4
Suppose 0*l = 2*l - 14. Let w = -7 + l. Suppose w = -5*m + 4 + 16. What is the units digit of m?
4
Suppose 3*y + 4*k - 9 = 50, k + 1 = 0. Let m be 1/(3 - 60/y). Let f = 25 - m. What is the tens digit of f?
1
Suppose 0 = 2*z - 6, 10*x - 8*x - 3*z - 5159 = 0. What is the thousands digit of x?
2
Let l(y) = -5*y + 4. Let p be l(1). What is the units digit of (-11 - -12) + (-30)/p?
1
Let z = 44 - 28. Suppose 2*k + z = 5*y - 474, 5*y - 3*k - 485 = 0. Suppose 287 = 4*x - 3*a, 2*x - y - 21 = -3*a. What is the tens digit of x?
6
Suppose 4*q - 22 + 2 = 0, -4*c - 2*q + 2266 = 0. Suppose 4*a + c = 4*i, -156 = 5*i - 3*a - 863. Let g = i + -100. What is the tens digit of g?
4
Let f(j) = 6*j - 5*j - j**2 + 21*j**2. Suppose s + s = 2. What is the tens digit of f(s)?
2
Suppose -5*y + 55 = -5*t, 4*y = -t - 1 + 20. Suppose -5*m + w = -555, 0 = 5*w - y - 19. What is the tens digit of m?
1
Suppose 34*b = 19802 - 864. What is the tens digit of b?
5
Let t(m) = -m**3 + m**2 + 2*m + 97. Let j(f) = f**2 + 5*f - 6. Let z be j(-6). What is the units digit of t(z)?
7
Let h(g) = g**3 - 6*g**2 + 2*g - 6. Let j be h(6). Suppose -2*y + 3*t + j = 0, 0 = 5*y + 3*t + 1 + 26. Let r = y - -4. What is the units digit of r?
1
Suppose -9*u + 11*u + 2*g - 662 = 0, -2*u = -4*g - 668. What is the tens digit of u?
3
Suppose -2*r + 5*u = -60, -5*r + 2*u = 3*u - 150. What is the tens digit of r?
3
Suppose 5*d + 4*l = 106, -3*l + 5*l + 112 = 5*d. What is the units digit of 10/(-55) + -46*(-13)/d?
7
Suppose 128*i = 113*i + 26010. What is the hundreds digit of i?
7
Let b(c) be the third derivative of -c**6/120 + 7*c**5/60 + c**4/3 + c**3 + 5*c**2. Let p be b(8). What is the units digit of 3/p*(-1 - -45)?
2
Suppose 2*m - c = 2637, m = 19*c - 22*c + 1308. What is the tens digit of m?
1
Let n(k) = k**2 - 67*k - 24. What is the thousands digit of n(-13)?
1
Let g(r) = 8*r + 13. Let k(q) = -q**2 - 9*q - 12. Let c(y) = -3*g(y) - 2*k(y). Let h = 49 + -42. What is the tens digit of c(h)?
4
Let c be (2 - -7) + -1 - 0. Let w(h) = 10*h + 0*h - 2*h**2 + 2*h**2 - 6 - h**2. What is the units digit of w(c)?
0
What is the units digit of (-13 + (-12)/(-6))/(-1)?
1
Let d(j) = -j**3 + 4*j**2 - 2*j + 1. Let f be d(3). Suppose -5*k = -f*k. Suppose k = 3*o - o - 104. What is the units digit of o?
2
Suppose 20 - 8 = -4*v. Let r = 126 + v. What is the hundreds digit of r?
1
Let y be (-1 - -20) + 18/(-9). What is the tens digit of 16/10*(y + 8)?
4
Let r = 1565 - 506. What is the thousands digit of r?
1
Suppose 9 + 7 = -2*t. Let a = -13 - t. Let i(g) = g**3 + 7*g**2 + 5*g - 3. What is the tens digit of i(a)?
2
What is the units digit of (-10*(-3)/(-2))/(144/(-11376))?
5
Suppose 5*s = 385 + 615. Let j be (s/12)/(1/6). What is the units digit of j/26 + (-36)/(-234)?
4
Let w = 3 + 0. Let t be (w/3)/((-1)/(-23)). Let b = t + -1. What is the tens digit of b?
2
Let l = 44 - 40. Suppose l*r + 2*k = k + 545, 546 = 4*r + 2*k. What is the tens digit of r?
3
Let b(h) = -2*h - 9. Let n be b(-7). Suppose 8*s - 76 = 68. Suppose -n*t + 7 = -s. What is the units digit of t?
5
Let o(m) = 2*m**3 - m**2 - 13*m + 1883. What is the tens digit of o(0)?
8
Suppose 0 = 5*v - 15, -4*c - 7 = -0*v + 3*v. Let i = c + -11. What is the units digit of 1 + (-3 - 0) - i?
3
Let v be ((-7)/(-3))/(2/54). Let z be (-2)/(-9) - 14/v. Suppose 0 = 2*n - 2*k - 74, n = -z*k - 5*k + 37. What is the tens digit of n?
3
Let m = -226 + 670. Suppose 2*k = -0*k - m. What is the units digit of (1/2)/((-3)/k)?
7
Suppose -7*r + 2*p - 569 = -10*r, -5*r = 2*p - 947. What is the hundreds digit of r?
1
Let u be ((-9)/(-6))/(12/32). Suppose 10*l - 9*l - u = 0. Suppose -91 + 19 = -2*s + 2*n, 0 = -s + l*n + 36. What is the units digit of s?
6
Suppose -2*b + 167 = 25. Suppose -2*k = -5*p + 34 + 29, -4*k - p = b. What is the units digit of (k/(-3))/((-14)/(-84))?
8
Let y(q) = 2*q**2 + 7*q - 1. Let m(b) = 13 + b**3 + 13*b + 6*b**2 + b**2 + 3 + 5*b**2. Let g be m(-11). What is the units digit of y(g)?
9
Let p be -19 + 21 + (-3)/1*-127. Suppose -5*h = -p - 117. What is the units digit of h?
0
Let x(g) = -g**3 + 15*g**2 + 18*g + 73. What is the units digit of x(13)?
5
Let v(c) = -17*c**3 - 3*c**2 + 3*c. What is the tens digit of v(-3)?
2
Suppose -12 = -8*z + 20*z. Let m(t) = -185*t - 9. What is the hundreds digit of m(z)?
1
Suppose 1186 = 2*i + y, -18*y + 16*y = -3*i + 1793. What is the hundreds digit of i?
5
Let n(i) = i**3 - i**2 - 3*i + 1. Let g be n(2). What is the units digit of (g/2)/(17/(-1020))?
0
Let x(d) = -d**2 - 19*d + 1581. What is the tens digit of x(0)?
8
Let b(q) be the second derivative of -q**4/24 - q**3/3 - q**2/2 + 8*q. Let y(j) be the first derivative of b(j). What is the units digit of y(-6)?
4
Let t(v) = v**3 + 7*v**2 + v + 7. Suppose 0 = -z - 3, -8 = -4*x + 2*z + 14. Suppose 3*s = 5*a + 24, 0 = -2*a + 4*a - 4*s + x. What is the tens digit of t(a)?
3
Let c be (-66)/(-9)*(-9)/(-6). Suppose -2*y - n + c = 0, 4*y + n = 2*n + 25. Suppose -2*v + y*v - 148 = 0. What is the units digit of v?
7
Suppose -3*m + m - 2767 = 5*p, -p + 2*m - 563 = 0. What is the units digit of p/(-12) + (-4)/16?
6
Suppose -247 - 488 = -5*q. Suppose z + u - 3*u = q, 0 = -u + 2. What is the tens digit of z?
5
Suppose 292 = -4*n + 8*n. Suppose 1 + n = 2*l. Let f = l - 13. What is the units digit of f?
4
Let z = -3